lse
Is 10243 a composite number?
False
Is 290539 a prime number?
True
Is 296342 a composite number?
True
Is 214589 prime?
True
Is 1681 a composite number?
True
Is 158947 a composite number?
True
Is 414815 a composite number?
True
Is 613057 a prime number?
False
Is 54701 a composite number?
True
Is 123517 prime?
True
Is 88337 a prime number?
True
Is 155197 prime?
False
Is 130771 composite?
True
Is 88463 a composite number?
False
Is 97941 a composite number?
True
Is 350281 composite?
False
Is 266081 composite?
False
Is 241993 a composite number?
False
Is 15427 a composite number?
False
Is 5437 a prime number?
True
Is 3749 a prime number?
False
Is 193937 prime?
True
Is 19563 a prime number?
False
Is 163307 a composite number?
False
Is 44483 prime?
True
Is 787 composite?
False
Is 21911 a composite number?
False
Is 53111 a prime number?
False
Is 7534 prime?
False
Is 4327 composite?
False
Is 3487369 composite?
False
Is 529807 prime?
True
Is 3817 prime?
False
Is 70717 prime?
True
Is 17723 prime?
False
Is 87359 composite?
False
Is 46891 prime?
False
Is 3989 a composite number?
False
Is 265661 a composite number?
True
Is 54521 prime?
True
Is 130957 prime?
True
Is 91501 a prime number?
False
Is 30307 a composite number?
False
Is 187027 prime?
True
Is 11369 prime?
True
Is 50411 a composite number?
False
Is 6274 prime?
False
Is 105533 a composite number?
False
Is 4399 a composite number?
True
Is 20477 prime?
True
Is 355529 a prime number?
True
Is 248459 prime?
False
Is 28349 a composite number?
False
Is 20323 a prime number?
True
Is 15513 composite?
True
Is 12127 a prime number?
False
Is 8549 a prime number?
False
Is 18137 composite?
True
Is 8561 a prime number?
False
Is 129937 prime?
True
Is 154871 composite?
False
Is 5261 composite?
False
Is 25231 composite?
True
Is 490097 composite?
False
Is 17165 a prime number?
False
Is 2911 prime?
False
Is 166333 a prime number?
False
Is 2161 prime?
True
Is 50361 composite?
True
Is 847531 composite?
False
Is 88717 a prime number?
False
Is 1100677 prime?
False
Is 55469 a composite number?
False
Is 41809 a composite number?
False
Is 44159 a composite number?
False
Is 7131 a prime number?
False
Is 34851 composite?
True
Is 18919 prime?
True
Is 11987 a composite number?
False
Is 608485 composite?
True
Is 349709 prime?
True
Is 42905 composite?
True
Is 33889 a composite number?
False
Is 68217 a prime number?
False
Is 74467 composite?
True
Is 3449 a prime number?
True
Is 3239 a prime number?
False
Is 1756633 a prime number?
True
Is 2309 composite?
False
Is 48903 composite?
True
Is 151091 composite?
False
Is 3489 prime?
False
Is 701 a composite number?
False
Is 292641 a prime number?
False
Is 773159 a prime number?
True
Is 96631 a prime number?
False
Is 499073 a prime number?
False
Is 85843 a composite number?
False
Is 7451 a composite number?
False
Is 1950385 a composite number?
True
Is 79063 a composite number?
False
Is 14051 prime?
True
Is 94339 a composite number?
True
Is 63694 a composite number?
True
Is 4573 a composite number?
True
Is 797 prime?
True
Is 2901 composite?
True
Is 108413 a composite number?
False
Is 118421 a composite number?
True
Is 2561 a composite number?
True
Is 8907 prime?
False
Is 34123 a composite number?
False
Is 618683 a composite number?
True
Is 2884837 composite?
True
Is 2965 composite?
True
Is 5032543 prime?
True
Is 36653 prime?
True
Is 43661 a composite number?
False
Is 118793 prime?
False
Is 282767 composite?
False
Is 1817 prime?
False
Is 103273 composite?
True
Is 49331 composite?
False
Is 887 a composite number?
False
Is 736357 composite?
False
Is 147419 prime?
True
Is 164953 a prime number?
True
Is 398 a prime number?
False
Is 62273 composite?
False
Is 629389 composite?
True
Is 23159 a composite number?
False
Is 202859 a composite number?
False
Is 34909 prime?
False
Is 3251 a composite number?
False
Is 87499 a prime number?
False
Is 352813 a prime number?
True
Is 3007283 a composite number?
True
Is 71902 a composite number?
True
Is 4577 composite?
True
Is 250103 prime?
False
Is 196429 a composite number?
False
Is 24029 a prime number?
True
Is 168757 a prime number?
False
Is 8999 composite?
False
Is 20707 a composite number?
False
Is 770163 a composite number?
True
Is 810007 a prime number?
False
Is 54751 composite?
False
Is 7195 a prime number?
False
Is 288907 a prime number?
True
Is 2257891 a prime number?
False
Is 1551229 composite?
False
Is 39439 composite?
False
Is 2257 a composite number?
True
Is 72087 a prime number?
False
Is 2705 composite?
True
Is 438701 prime?
True
Is 100877 a composite number?
True
Is 177739 composite?
False
Is 1949 a prime number?
True
Is 21711 a composite number?
True
Is 7621 composite?
False
Is 18059 prime?
True
Is 233417 a prime number?
True
Is 497103 prime?
False
Is 77339 prime?
True
Is 797 a composite number?
False
Is 7115 prime?
False
Is 29383 composite?
False
Is 188437 a prime number?
True
Is 8665 a prime number?
False
Is 131927 a prime number?
True
Is 37678 a composite number?
True
Is 12601 a prime number?
True
Is 1709 a composite number?
False
Is 1198903 a prime number?
True
Is 143381 composite?
True
Is 174703 prime?
True
Is 232487 a composite number?
False
Is 60859 prime?
True
Is 1861 composite?
False
Is 60419 a composite number?
True
Is 789377 a composite number?
False
Is 13291 prime?
True
Is 82057 a prime number?
False
Is 1255651 prime?
True
Is 1931 prime?
True
Is 3566 a prime number?
False
Is 2736757 composite?
False
Is 81767 composite?
True
Is 40543 a prime number?
True
Is 183151 composite?
False
Is 2503693 composite?
True
Is 189445 a composite number?
True
Is 23399 a composite number?
False
Is 270899 a composite number?
False
Is 353359 composite?
False
Is 2771 a composite number?
True
Is 95651 a prime number?
True
Is 4583 a composite number?
False
Is 4049 a prime number?
True
Is 197459 prime?
False
Is 1485493 prime?
False
Is 286073 a composite number?
False
Is 25105 a composite number?
True
Is 5249 a composite number?
True
Is 36871 composite?
False
Is 24829 a prime number?
False
Is 172619 composite?
False
Is 933145 prime?
False
Is 81987 a prime number?
False
Is 1684091 composite?
False
Is 1202897 composite?
True
Is 4547 a composite number?
False
Is 909011 composite?
True
Is 766301 prime?
True
Is 1399 a composite number?
False
Is 223903 composite?
False
Is 668141 a prime number?
True
Is 6192853 a prime number?
True
Is 172787 composite?
False
Is 102059 a composite number?
False
Is 360391 a composite number?
False
Is 1158477 prime?
False
Is 1217 a composite number?
False
Is 51409 a prime number?
False
Is 20239 prime?
False
Is 247369 a prime number?
True
Is 76301 prime?
False
Is 36021 a composite number?
True
Is 40873 a prime number?
False
Is 157393 a prime number?
True
Is 524789 a prime number?
True
Is 87757 a composite number?
True
Is 11383 a composite number?
False
Is 67003 a composite number?
False
Is 166587 prime?
False
Is 29777 composite?
True
Is 10109 prime?
False
Is 236377 a composite number?
False
Is 69877 prime?
True
Is 1361 composite?
False
Is 393455 prime?
False
Is 9257 a composite number?
False
Is 184307 a composite number?
True
Is 321101 a composite number?
True
Is 13201 composite?
True
Is 20671 prime?
False
Is 12151 a composite number?
True
Is 2235997 composite?
False
Is 184031 prime?
True
Is 39679 a composite number?
False
Is 7001 prime?
True
Is 18947 a composite number?
False
Is 7039457 prime?
True
Is 9491 prime?
True
Is 419243 prime?
False
Is 85379 a prime number?
False
Is 243071 composite?
True
Is 11759 a composite number?
True
Is 526571 prime?
True
Is 55649 prime?
False
Is 462529 a composite number?
False
Is 892951 prime?
True
Is 236469 a prime number?
False
Is 214805 prime?
False
Is 680783 a prime number?
True
Is 540901 composite?
False
Is 1099795 a composite number?
True
Is 479 composite?
False
Is 39946 a prime number?
False
Is 22047 a prime number?
False
Is 2939 composite?
False
Is 602261 composite?
True
Is 521429 a prime number?
True
Is 8749 composite?
True
Is 172681 composite?
False
Is 187351 a composite number?
True
Is 177839 composite?
False
Is 692411 composite?
True
Is 74233 prime?
False
Is 3489 a prime number?
False
Is 212557 a prime number?
True
Is 10762 a prime number?
False
Is 65827 a prime number?
True
Is 91079 co